{"id":3612,"date":"2021-01-18T14:23:51","date_gmt":"2021-01-18T13:23:51","guid":{"rendered":"http:\/\/www.eurofue.articagency.eu\/?page_id=3612"},"modified":"2021-04-21T13:50:02","modified_gmt":"2021-04-21T11:50:02","slug":"bones-practiques-europees","status":"publish","type":"page","link":"https:\/\/eurofue.com\/ca\/buenas-practicas-europeas\/","title":{"rendered":"Bones Pr\u00e0ctiques Europees"},"content":{"rendered":"<p>[et_pb_section fb_built=\u00bb1&#8243; _builder_version=\u00bb4.4.7&#8243;][et_pb_row _builder_version=\u00bb4.5.7&#8243;][et_pb_column type=\u00bb4_4&#8243; _builder_version=\u00bb4.4.7&#8243;][et_pb_image src=\u00bbhttp:\/\/www.eurofue.articagency.eu\/wp-content\/uploads\/2021\/01\/buenas-practicas.png\u00bb title_text=\u00bbbuenas practicas\u00bb _builder_version=\u00bb4.8.1&#8243; _module_preset=\u00bbdefault\u00bb min_height=\u00bb89px\u00bb custom_margin=\u00bb||37px|255px|false|false\u00bb custom_padding=\u00bb|152px|4px|0px||\u00bb][\/et_pb_image][et_pb_cta title=\u00bb21 abril 2021&#8243; button_text=\u00bbClics\u00bb _builder_version=\u00bb4.5.7&#8243; _module_preset=\u00bbdefault\u00bb background_color=\u00bb#00208a\u00bb width=\u00bb27.2%\u00bb custom_margin=\u00bb13px|97px|20px|0px|false|false\u00bb custom_padding=\u00bb||0px|||\u00bb][\/et_pb_cta][et_pb_text _builder_version=\u00bb4.5.7&#8243;]<\/p>\n<p class=\"p1\" style=\"text-align: justify;\">La Uni\u00f3n Europea financia multitud de proyectos innovadores a lo largo de su territorio. La detecci\u00f3n, an\u00e1lisis y transferencia de proyectos de \u00e9xito constituye una importante herramienta para la gesti\u00f3n p\u00fablica y un elemento fundamental para el intercambio de experiencias positivas que contribuyan a aumentar la visibilidad de los resultados obtenidos con la pol\u00edtica europea en la <strong>provincia de Castell\u00f3n<\/strong>. Estas experiencias conforman un importante instrumento para medir el impacto cualitativo asociado a la aplicaci\u00f3n de los fondos comunitarios en la provincia.<\/p>\n<p>Se desarrollar\u00e1 una jornada en la que se presentar\u00e1n los <strong>mejores proyectos y buenas pr\u00e1cticas<\/strong> de la provincia de Castell\u00f3n que incluyan las siguientes caracter\u00edsticas:<\/p>\n<ul>\n<li><strong>Valor a\u00f1adido europeo<\/strong>, beneficio global para la Uni\u00f3n Europea y para la mejora de las pol\u00edticas europeas dentro de cada \u00e1rea.<\/li>\n<li>Incorporaci\u00f3n de <strong>elementos innovadores<\/strong> de la actuaci\u00f3n, que puede estar vinculado a las tecnolog\u00edas, a procesos, a servicios facilitados, a distintas herramientas empleadas para ponerlo en marcha, etc.<\/li>\n<li>Aplicaci\u00f3n de los <strong>criterios horizontales<\/strong> de igualdad de oportunidades y no discriminaci\u00f3n, as\u00ed como responsabilidad social y de sostenibilidad ambiental.<\/li>\n<li>Contribuci\u00f3n a la <strong>resoluci\u00f3n de un problema<\/strong> o debilidad detectada en el \u00e1mbito territorial de ejecuci\u00f3n.<\/li>\n<\/ul>\n<p class=\"p3\">\n<p>[\/et_pb_text][\/et_pb_column][\/et_pb_row][et_pb_row column_structure=\u00bb1_2,1_2&#8243; _builder_version=\u00bb4.5.7&#8243; _module_preset=\u00bbdefault\u00bb][et_pb_column type=\u00bb1_2&#8243; _builder_version=\u00bb4.5.7&#8243; _module_preset=\u00bbdefault\u00bb][et_pb_gallery gallery_ids=\u00bb4114,4118,4122,4126,4130,4134,4138,4142,4146&#8243; fullwidth=\u00bbon\u00bb _builder_version=\u00bb4.9.2&#8243; _module_preset=\u00bbdefault\u00bb][\/et_pb_gallery][\/et_pb_column][et_pb_column type=\u00bb1_2&#8243; _builder_version=\u00bb4.5.7&#8243; _module_preset=\u00bbdefault\u00bb][et_pb_gallery gallery_ids=\u00bb4116,4120,4124,4128,4132,4136,4140,4144&#8243; fullwidth=\u00bbon\u00bb _builder_version=\u00bb4.9.2&#8243; _module_preset=\u00bbdefault\u00bb][\/et_pb_gallery][\/et_pb_column][\/et_pb_row][et_pb_row _builder_version=\u00bb4.9.2&#8243; _module_preset=\u00bbdefault\u00bb][et_pb_column type=\u00bb4_4&#8243; _builder_version=\u00bb4.9.2&#8243; _module_preset=\u00bbdefault\u00bb][et_pb_post_slider _builder_version=\u00bb4.9.2&#8243; _module_preset=\u00bbdefault\u00bb hover_enabled=\u00bb0&#8243; include_categories=\u00bb94&#8243; sticky_enabled=\u00bb0&#8243; background_color=\u00bbRGBA(0,0,0,0)\u00bb][\/et_pb_post_slider][\/et_pb_column][\/et_pb_row][\/et_pb_section]<\/p>\n","protected":false},"excerpt":{"rendered":"<p>[et_pb_section fb_built=\u00bb1&#8243; _builder_version=\u00bb4.4.7&#8243;][et_pb_row _builder_version=\u00bb4.5.7&#8243;][et_pb_column type=\u00bb4_4&#8243; _builder_version=\u00bb4.4.7&#8243;][et_pb_image src=\u00bbhttp:\/\/www.eurofue.articagency.eu\/wp-content\/uploads\/2021\/01\/buenas-practicas.png\u00bb title_text=\u00bbbuenas practicas\u00bb _builder_version=\u00bb4.8.1&#8243; _module_preset=\u00bbdefault\u00bb min_height=\u00bb89px\u00bb custom_margin=\u00bb||37px|255px|false|false\u00bb custom_padding=\u00bb|152px|4px|0px||\u00bb][\/et_pb_image][et_pb_cta title=\u00bb21 abril 2021&#8243; button_text=\u00bbClics\u00bb _builder_version=\u00bb4.5.7&#8243; _module_preset=\u00bbdefault\u00bb background_color=\u00bb#00208a\u00bb width=\u00bb27.2%\u00bb custom_margin=\u00bb13px|97px|20px|0px|false|false\u00bb custom_padding=\u00bb||0px|||\u00bb][\/et_pb_cta][et_pb_text _builder_version=\u00bb4.5.7&#8243;] La Uni\u00f3n Europea financia multitud de proyectos innovadores a lo largo de su territorio. La detecci\u00f3n, an\u00e1lisis y transferencia de proyectos de \u00e9xito constituye una importante herramienta para la gesti\u00f3n [&hellip;]<\/p>\n","protected":false},"author":5,"featured_media":0,"parent":0,"menu_order":0,"comment_status":"closed","ping_status":"closed","template":"","meta":{"_monsterinsights_skip_tracking":false,"_monsterinsights_sitenote_active":false,"_monsterinsights_sitenote_note":"","_monsterinsights_sitenote_category":0,"footnotes":""},"class_list":["post-3612","page","type-page","status-publish","hentry"],"_links":{"self":[{"href":"https:\/\/eurofue.com\/ca\/wp-json\/wp\/v2\/pages\/3612","targetHints":{"allow":["GET"]}}],"collection":[{"href":"https:\/\/eurofue.com\/ca\/wp-json\/wp\/v2\/pages"}],"about":[{"href":"https:\/\/eurofue.com\/ca\/wp-json\/wp\/v2\/types\/page"}],"author":[{"embeddable":true,"href":"https:\/\/eurofue.com\/ca\/wp-json\/wp\/v2\/users\/5"}],"replies":[{"embeddable":true,"href":"https:\/\/eurofue.com\/ca\/wp-json\/wp\/v2\/comments?post=3612"}],"version-history":[{"count":0,"href":"https:\/\/eurofue.com\/ca\/wp-json\/wp\/v2\/pages\/3612\/revisions"}],"wp:attachment":[{"href":"https:\/\/eurofue.com\/ca\/wp-json\/wp\/v2\/media?parent=3612"}],"curies":[{"name":"wp","href":"https:\/\/api.w.org\/{rel}","templated":true}]}}

Bones Pràctiques Europees

<p>[et_pb_section fb_built=»1&#8243; _builder_version=»4.4.7&#8243;][et_pb_row _builder_version=»4.5.7&#8243;][et_pb_column type=»4_4&#8243; _builder_version=»4.4.7&#8243;][et_pb_image src=»http://www.eurofue.articagency.eu/wp-content/uploads/2021/01/buenas-practicas.png» title_text=»buenas practicas» _builder_version=»4.8.1&#8243; _module_preset=»default» min_height=»89px» custom_margin=»||37px|255px|false|false» custom_padding=»|152px|4px|0px||»][/et_pb_image][et_pb_cta title=»21 abril 2021&#8243; button_text=»Clics» _builder_version=»4.5.7&#8243; _module_preset=»default» background_color=»#00208a» width=»27.2%» custom_margin=»13px|97px|20px|0px|false|false» custom_padding=»||0px|||»][/et_pb_cta][et_pb_text _builder_version=»4.5.7&#8243;]</p>
<p class="p1" style="text-align: justify;">La Unión Europea financia multitud de proyectos innovadores a lo largo de su territorio. La detección, análisis y transferencia de proyectos de éxito constituye una importante herramienta para la gestión pública y un elemento fundamental para el intercambio de experiencias positivas que contribuyan a aumentar la visibilidad de los resultados obtenidos con la política europea en la <strong>provincia de Castellón</strong>. Estas experiencias conforman un importante instrumento para medir el impacto cualitativo asociado a la aplicación de los fondos comunitarios en la provincia.</p>
<p>Se desarrollará una jornada en la que se presentarán los <strong>mejores proyectos y buenas prácticas</strong> de la provincia de Castellón que incluyan las siguientes características:</p>
<ul>
<li><strong>Valor añadido europeo</strong>, beneficio global para la Unión Europea y para la mejora de las políticas europeas dentro de cada área.</li>
<li>Incorporación de <strong>elementos innovadores</strong> de la actuación, que puede estar vinculado a las tecnologías, a procesos, a servicios facilitados, a distintas herramientas empleadas para ponerlo en marcha, etc.</li>
<li>Aplicación de los <strong>criterios horizontales</strong> de igualdad de oportunidades y no discriminación, así como responsabilidad social y de sostenibilidad ambiental.</li>
<li>Contribución a la <strong>resolución de un problema</strong> o debilidad detectada en el ámbito territorial de ejecución.</li>
</ul>
<p class="p3">
<p>[/et_pb_text][/et_pb_column][/et_pb_row][et_pb_row column_structure=»1_2,1_2&#8243; _builder_version=»4.5.7&#8243; _module_preset=»default»][et_pb_column type=»1_2&#8243; _builder_version=»4.5.7&#8243; _module_preset=»default»][et_pb_gallery gallery_ids=»4114,4118,4122,4126,4130,4134,4138,4142,4146&#8243; fullwidth=»on» _builder_version=»4.9.2&#8243; _module_preset=»default»][/et_pb_gallery][/et_pb_column][et_pb_column type=»1_2&#8243; _builder_version=»4.5.7&#8243; _module_preset=»default»][et_pb_gallery gallery_ids=»4116,4120,4124,4128,4132,4136,4140,4144&#8243; fullwidth=»on» _builder_version=»4.9.2&#8243; _module_preset=»default»][/et_pb_gallery][/et_pb_column][/et_pb_row][et_pb_row _builder_version=»4.9.2&#8243; _module_preset=»default»][et_pb_column type=»4_4&#8243; _builder_version=»4.9.2&#8243; _module_preset=»default»][et_pb_post_slider _builder_version=»4.9.2&#8243; _module_preset=»default» hover_enabled=»0&#8243; include_categories=»94&#8243; sticky_enabled=»0&#8243; background_color=»RGBA(0,0,0,0)»][/et_pb_post_slider][/et_pb_column][/et_pb_row][/et_pb_section]</p>

<p>[et_pb_section fb_built=»1&#8243; _builder_version=»4.4.7&#8243;][et_pb_row _builder_version=»4.5.7&#8243;][et_pb_column type=»4_4&#8243; _builder_version=»4.4.7&#8243;][et_pb_image src=»http://www.eurofue.articagency.eu/wp-content/uploads/2021/01/buenas-practicas.png» title_text=»buenas practicas» _builder_version=»4.8.1&#8243; _module_preset=»default» min_height=»89px» custom_margin=»||37px|255px|false|false» custom_padding=»|152px|4px|0px||»][/et_pb_image][et_pb_cta title=»21 abril 2021&#8243; button_text=»Clics» _builder_version=»4.5.7&#8243; _module_preset=»default» background_color=»#00208a» width=»27.2%» custom_margin=»13px|97px|20px|0px|false|false» custom_padding=»||0px|||»][/et_pb_cta][et_pb_text _builder_version=»4.5.7&#8243;] La Unión Europea financia multitud de proyectos innovadores a lo largo de su territorio. La detección, análisis y transferencia de proyectos de éxito constituye una importante herramienta para la gestión [&hellip;]</p>
