{"id":2828,"date":"2020-09-02T13:09:19","date_gmt":"2020-09-02T11:09:19","guid":{"rendered":"http:\/\/www.eurofue.articagency.eu\/?page_id=2828"},"modified":"2021-03-18T08:16:24","modified_gmt":"2021-03-18T07:16:24","slug":"european-funds","status":"publish","type":"page","link":"https:\/\/eurofue.com\/en\/fondos-europeos\/","title":{"rendered":"European Funds for the period 2021-2027"},"content":{"rendered":"<p>[et_pb_section fb_built=\u00bb1&#8243; _builder_version=\u00bb4.4.7&#8243;][et_pb_row _builder_version=\u00bb4.5.7&#8243;][et_pb_column type=\u00bb4_4&#8243; _builder_version=\u00bb4.4.7&#8243;][et_pb_image src=\u00bbhttp:\/\/www.eurofue.articagency.eu\/wp-content\/uploads\/2020\/09\/fondos.png\u00bb title_text=\u00bbfondos\u00bb _builder_version=\u00bb4.5.7&#8243; _module_preset=\u00bbdefault\u00bb custom_margin=\u00bb||37px|255px|false|false\u00bb custom_padding=\u00bb|||0px||\u00bb][\/et_pb_image][et_pb_cta title=\u00bb17 MARZO 2021&#8243; button_text=\u00bbClics\u00bb _builder_version=\u00bb4.5.7&#8243; _module_preset=\u00bbdefault\u00bb background_color=\u00bb#00208a\u00bb width=\u00bb27.2%\u00bb custom_margin=\u00bb13px|97px|20px|0px|false|false\u00bb custom_padding=\u00bb||0px|||\u00bb][\/et_pb_cta][et_pb_text _builder_version=\u00bb4.5.7&#8243;]<\/p>\n<p class=\"p1\" style=\"text-align: justify;\">El 21 de julio de 2020, los dirigentes de la UE alcanzaron, en una reuni\u00f3n extraordinaria presencial en Bruselas, un acuerdo sobre una dotaci\u00f3n presupuestaria de m\u00e1s de 1,82 billones de euros. Este conjunto de medidas, que re\u00fane el marco financiero plurianual (m\u00e1s de 1,07 billones de<br \/>euros) y medidas extraordinarias de recuperaci\u00f3n en el marco del instrumento denominado NEXT GENERATION UE (750.000 millones de euros), contribuir\u00e1 a la reconstrucci\u00f3n de la UE despu\u00e9s de la pandemia de COVID-19 y apoyar\u00e1 la inversi\u00f3n en las transiciones ecol\u00f3gica y digital.<\/p>\n<p class=\"p1\" style=\"text-align: justify;\">Conocer esta propuesta aprobada por la Comisi\u00f3n Europea y los diferentes programas de financiaci\u00f3n es fundamental para adecuar cada proyecto a la convocatoria m\u00e1s adecuada. Adem\u00e1s, en el marco de la pol\u00edtica nueva POL\u00cdTICA REGIONAL, entre el 65 % y el 85 % de los recursos del FEDER y del Fondo de Cohesi\u00f3n se asignar\u00e1n a las siguientes prioridades:<\/p>\n<p class=\"p1\" style=\"text-align: justify;\">\u25aa Una Europa m\u00e1s inteligente, mediante la innovaci\u00f3n, la digitalizaci\u00f3n, la transformaci\u00f3n econ\u00f3mica y el apoyo a las peque\u00f1as y medianas empresas.<br \/>\u25aa Una Europa m\u00e1s ecol\u00f3gica y libre de carbono, que aplique el Acuerdo de Par\u00eds e invierta en transici\u00f3n energ\u00e9tica, energ\u00edas renovables y la lucha contra el cambio clim\u00e1tico.<\/p>\n<p class=\"p3\">\n<p>[\/et_pb_text][\/et_pb_column][\/et_pb_row][et_pb_row column_structure=\u00bb1_2,1_2&#8243; _builder_version=\u00bb4.5.7&#8243; _module_preset=\u00bbdefault\u00bb][et_pb_column type=\u00bb1_2&#8243; _builder_version=\u00bb4.5.7&#8243; _module_preset=\u00bbdefault\u00bb][et_pb_gallery gallery_ids=\u00bb3981,3971,3973,3977,3975,3983,3979,3969&#8243; fullwidth=\u00bbon\u00bb _builder_version=\u00bb4.9.2&#8243; _module_preset=\u00bbdefault\u00bb custom_padding=\u00bb||0px|||\u00bb][\/et_pb_gallery][\/et_pb_column][et_pb_column type=\u00bb1_2&#8243; _builder_version=\u00bb4.5.7&#8243; _module_preset=\u00bbdefault\u00bb][et_pb_gallery gallery_ids=\u00bb3961,3955,3957,3959,3963,3965,3967&#8243; fullwidth=\u00bbon\u00bb _builder_version=\u00bb4.9.2&#8243; _module_preset=\u00bbdefault\u00bb custom_margin=\u00bb||52px|||\u00bb custom_padding=\u00bb||5px|||\u00bb][\/et_pb_gallery][\/et_pb_column][\/et_pb_row][et_pb_row _builder_version=\u00bb4.9.2&#8243; _module_preset=\u00bbdefault\u00bb][et_pb_column _builder_version=\u00bb4.9.2&#8243; _module_preset=\u00bbdefault\u00bb type=\u00bb4_4&#8243;][et_pb_post_slider _builder_version=\u00bb4.9.2&#8243; _module_preset=\u00bbdefault\u00bb include_categories=\u00bb93&#8243; hover_enabled=\u00bb0&#8243; sticky_enabled=\u00bb0&#8243;][\/et_pb_post_slider][\/et_pb_column][\/et_pb_row][\/et_pb_section]<\/p>\n","protected":false},"excerpt":{"rendered":"<p>[et_pb_section fb_built=\u00bb1&#8243; _builder_version=\u00bb4.4.7&#8243;][et_pb_row _builder_version=\u00bb4.5.7&#8243;][et_pb_column type=\u00bb4_4&#8243; _builder_version=\u00bb4.4.7&#8243;][et_pb_image src=\u00bbhttp:\/\/www.eurofue.articagency.eu\/wp-content\/uploads\/2020\/09\/fondos.png\u00bb title_text=\u00bbfondos\u00bb _builder_version=\u00bb4.5.7&#8243; _module_preset=\u00bbdefault\u00bb custom_margin=\u00bb||37px|255px|false|false\u00bb custom_padding=\u00bb|||0px||\u00bb][\/et_pb_image][et_pb_cta title=\u00bb17 MARZO 2021&#8243; button_text=\u00bbClics\u00bb _builder_version=\u00bb4.5.7&#8243; _module_preset=\u00bbdefault\u00bb background_color=\u00bb#00208a\u00bb width=\u00bb27.2%\u00bb custom_margin=\u00bb13px|97px|20px|0px|false|false\u00bb custom_padding=\u00bb||0px|||\u00bb][\/et_pb_cta][et_pb_text _builder_version=\u00bb4.5.7&#8243;] El 21 de julio de 2020, los dirigentes de la UE alcanzaron, en una reuni\u00f3n extraordinaria presencial en Bruselas, un acuerdo sobre una dotaci\u00f3n presupuestaria de m\u00e1s de 1,82 billones de euros. [&hellip;]<\/p>\n","protected":false},"author":5,"featured_media":0,"parent":0,"menu_order":0,"comment_status":"closed","ping_status":"closed","template":"","meta":{"_monsterinsights_skip_tracking":false,"_monsterinsights_sitenote_active":false,"_monsterinsights_sitenote_note":"","_monsterinsights_sitenote_category":0,"footnotes":""},"class_list":["post-2828","page","type-page","status-publish","hentry"],"_links":{"self":[{"href":"https:\/\/eurofue.com\/en\/wp-json\/wp\/v2\/pages\/2828","targetHints":{"allow":["GET"]}}],"collection":[{"href":"https:\/\/eurofue.com\/en\/wp-json\/wp\/v2\/pages"}],"about":[{"href":"https:\/\/eurofue.com\/en\/wp-json\/wp\/v2\/types\/page"}],"author":[{"embeddable":true,"href":"https:\/\/eurofue.com\/en\/wp-json\/wp\/v2\/users\/5"}],"replies":[{"embeddable":true,"href":"https:\/\/eurofue.com\/en\/wp-json\/wp\/v2\/comments?post=2828"}],"version-history":[{"count":0,"href":"https:\/\/eurofue.com\/en\/wp-json\/wp\/v2\/pages\/2828\/revisions"}],"wp:attachment":[{"href":"https:\/\/eurofue.com\/en\/wp-json\/wp\/v2\/media?parent=2828"}],"curies":[{"name":"wp","href":"https:\/\/api.w.org\/{rel}","templated":true}]}}

<p>[et_pb_section fb_built=»1&#8243; _builder_version=»4.4.7&#8243;][et_pb_row _builder_version=»4.5.7&#8243;][et_pb_column type=»4_4&#8243; _builder_version=»4.4.7&#8243;][et_pb_image src=»http://www.eurofue.articagency.eu/wp-content/uploads/2020/09/fondos.png» title_text=»fondos» _builder_version=»4.5.7&#8243; _module_preset=»default» custom_margin=»||37px|255px|false|false» custom_padding=»|||0px||»][/et_pb_image][et_pb_cta title=»17 MARZO 2021&#8243; button_text=»Clics» _builder_version=»4.5.7&#8243; _module_preset=»default» background_color=»#00208a» width=»27.2%» custom_margin=»13px|97px|20px|0px|false|false» custom_padding=»||0px|||»][/et_pb_cta][et_pb_text _builder_version=»4.5.7&#8243;]</p>
<p class="p1" style="text-align: justify;">El 21 de julio de 2020, los dirigentes de la UE alcanzaron, en una reunión extraordinaria presencial en Bruselas, un acuerdo sobre una dotación presupuestaria de más de 1,82 billones de euros. Este conjunto de medidas, que reúne el marco financiero plurianual (más de 1,07 billones de<br />euros) y medidas extraordinarias de recuperación en el marco del instrumento denominado NEXT GENERATION UE (750.000 millones de euros), contribuirá a la reconstrucción de la UE después de la pandemia de COVID-19 y apoyará la inversión en las transiciones ecológica y digital.</p>
<p class="p1" style="text-align: justify;">Conocer esta propuesta aprobada por la Comisión Europea y los diferentes programas de financiación es fundamental para adecuar cada proyecto a la convocatoria más adecuada. Además, en el marco de la política nueva POLÍTICA REGIONAL, entre el 65 % y el 85 % de los recursos del FEDER y del Fondo de Cohesión se asignarán a las siguientes prioridades:</p>
<p class="p1" style="text-align: justify;">▪ Una Europa más inteligente, mediante la innovación, la digitalización, la transformación económica y el apoyo a las pequeñas y medianas empresas.<br />▪ Una Europa más ecológica y libre de carbono, que aplique el Acuerdo de París e invierta en transición energética, energías renovables y la lucha contra el cambio climático.</p>
<p class="p3">
<p>[/et_pb_text][/et_pb_column][/et_pb_row][et_pb_row column_structure=»1_2,1_2&#8243; _builder_version=»4.5.7&#8243; _module_preset=»default»][et_pb_column type=»1_2&#8243; _builder_version=»4.5.7&#8243; _module_preset=»default»][et_pb_gallery gallery_ids=»3981,3971,3973,3977,3975,3983,3979,3969&#8243; fullwidth=»on» _builder_version=»4.9.2&#8243; _module_preset=»default» custom_padding=»||0px|||»][/et_pb_gallery][/et_pb_column][et_pb_column type=»1_2&#8243; _builder_version=»4.5.7&#8243; _module_preset=»default»][et_pb_gallery gallery_ids=»3961,3955,3957,3959,3963,3965,3967&#8243; fullwidth=»on» _builder_version=»4.9.2&#8243; _module_preset=»default» custom_margin=»||52px|||» custom_padding=»||5px|||»][/et_pb_gallery][/et_pb_column][/et_pb_row][et_pb_row _builder_version=»4.9.2&#8243; _module_preset=»default»][et_pb_column _builder_version=»4.9.2&#8243; _module_preset=»default» type=»4_4&#8243;][et_pb_post_slider _builder_version=»4.9.2&#8243; _module_preset=»default» include_categories=»93&#8243; hover_enabled=»0&#8243; sticky_enabled=»0&#8243;][/et_pb_post_slider][/et_pb_column][/et_pb_row][/et_pb_section]</p>

<p>[et_pb_section fb_built=»1&#8243; _builder_version=»4.4.7&#8243;][et_pb_row _builder_version=»4.5.7&#8243;][et_pb_column type=»4_4&#8243; _builder_version=»4.4.7&#8243;][et_pb_image src=»http://www.eurofue.articagency.eu/wp-content/uploads/2020/09/fondos.png» title_text=»fondos» _builder_version=»4.5.7&#8243; _module_preset=»default» custom_margin=»||37px|255px|false|false» custom_padding=»|||0px||»][/et_pb_image][et_pb_cta title=»17 MARZO 2021&#8243; button_text=»Clics» _builder_version=»4.5.7&#8243; _module_preset=»default» background_color=»#00208a» width=»27.2%» custom_margin=»13px|97px|20px|0px|false|false» custom_padding=»||0px|||»][/et_pb_cta][et_pb_text _builder_version=»4.5.7&#8243;] El 21 de julio de 2020, los dirigentes de la UE alcanzaron, en una reunión extraordinaria presencial en Bruselas, un acuerdo sobre una dotación presupuestaria de más de 1,82 billones de euros. [&hellip;]</p>
